c. Calculate the highest common divisor of c and 32.
16
Suppose 24*y - 383 - 121 = 0. Let c be (-18)/(-4)*(-35)/y*-2. What is the highest common divisor of 705 and c?
15
Suppose 5*b - 7*h + 3*h = 145, 3*b - 87 = h. Suppose 0 = 23*g - b*g + 396. Calculate the greatest common factor of g and 528.
66
Suppose 73*v = i + 69*v - 440, 0 = -2*i + 4*v + 900. Calculate the greatest common divisor of 1564 and i.
92
Let t be (-10278)/(-117) + (-4)/(-26). Let s be (-246)/(-1)*44/t. What is the greatest common divisor of 164 and s?
41
Let z(q) = 21*q**2 + 6. Let j be z(-7). Let g = -116356 + 116401. What is the highest common factor of j and g?
45
Let u be (-2 - 13/(-4))/(73/584). Suppose 106 - 346 = -u*x. What is the greatest common factor of x and 408?
24
Let o(i) = -79*i + 1958. Let c be o(14). What is the highest common factor of 5325 and c?
213
Let y(c) = 57*c**2 - 3*c - 2 - 5 + 5. Let k be y(-2). Suppose -223*f = 232*f + 146*f - 17429. Calculate the highest common factor of f and k.
29
Let w be (30 - 3 - 2) + -1. Let d be ((-8)/(-3))/((-4)/(-48)) + 8/(-2). Calculate the highest common divisor of w and d.
4
Suppose -w - w - 16 = 0. Let x(m) = -m**3 - 9*m**2 - 11*m + 11. Let j be x(w). Suppose 2*b - 11 + 1 = 0. Calculate the greatest common factor of j and b.
5
Let l = -358 + 542. Let v = -751 + 1674. Let g = -877 + v. What is the greatest common divisor of l and g?
46
Let h(b) = -b + 27. Let x be h(-8). Let a = x - 40. Let d be 35*a/(125/(-20)). Calculate the highest common factor of 140 and d.
28
Let x(d) = d**2 - 4*d - 39. Let z be x(-3). Let t be (-9)/z - (-261)/6. What is the highest common divisor of 44 and t?
44
Suppose 22*z + 3*y = 20*z + 759, 3*z - 1106 = 2*y. Calculate the highest common divisor of z and 8432.
124
Suppose -1085*v = -1181*v + 50688. What is the highest common factor of v and 4400?
176
Let o = -125 - -181. Suppose 0 = 5*m + 5*n - 170, m + 5*n = 3*n + 36. What is the greatest common divisor of o and m?
8
Suppose 11*c = -0*c - c + 216. Calculate the greatest common factor of c and 5292.
18
Suppose -3*m + 4*t = -1988, -m + 3*t + 297 = -369. Suppose -39*a = -27*a - m. Calculate the greatest common divisor of a and 22.
11
Suppose 14*y + 2370 = 21*y + 23*y. Calculate the highest common factor of 9006 and y.
79
Let f = 1056 + -539. Let l = 616 - f. Suppose -2*k - 13 = -s - 0*s, 0 = -k - 1. Calculate the highest common factor of s and l.
11
Suppose 3*l = 0, -5*r + l - 152 = -r. Let y(u) = u**3 - 7*u**2 - 5*u - 10. Let j be y(8). Let z = j - r. What is the greatest common divisor of z and 26?
26
Suppose i - 3*x - 1861 = 0, 3*x - 3743 = -2*i + 2*x. Suppose -29*u = -39*u + i. What is the greatest common divisor of u and 44?
11
Suppose 3*j - 504 = -4*z, 5*z - 201 - 471 = -4*j. What is the highest common factor of j and 616?
56
Suppose -5141*n - 118296 = -5165*n. Calculate the greatest common divisor of 31 and n.
31
Let b = 1192 + -1126. Let v be 77*(1 + 3 + -1). Calculate the greatest common factor of v and b.
33
Let r be (230/4)/(1/2). Let j(t) = 18*t**2 - 46*t - 72. Let o be j(-2). Calculate the greatest common divisor of o and r.
23
Suppose -3*j - 21 = 2*a, 5 + 4 = -3*j. Let p = a - -11. Suppose 24 = p*w - 3*w. Calculate the greatest common factor of w and 6.
6
Let o be 1*3 + (4 - 1). Let j be 2964/27 - o/(-27). Suppose 5*i + 5*l = 210, 2*i + 15 = -9*l + 85. Calculate the greatest common divisor of j and i.
22
Let g be 58/145 + (-3)/((-15)/88). Let k = 63 - g. What is the highest common divisor of 6 and k?
3
Suppose -5*p - 13*c = -14*c - 2641, 0 = 2*p + 5*c - 1051. Calculate the greatest common factor of 506 and p.
22
Let w(b) = -b**3 + 8*b**2 + 91*b - 507. Let n be w(5). Calculate the greatest common divisor of n and 3358.
23
Let f be (6 - 6)*(-1)/(-3). Suppose -18 = -3*q + 43*r - 40*r, 3*q - 2*r - 19 = f. What is the highest common factor of 14 and q?
7
Let u be (-24)/14 - 2/7. Let g(f) = -f + f**3 + 2*f - 1 - f + 2*f - 23*f**3. Let p be g(u). Calculate the highest common factor of 19 and p.
19
Let h = 3093 - 3043. Calculate the greatest common divisor of h and 122.
2
Suppose 0 = 3*c + 21, 2*c - 9706 - 1316 = -4*i. What is the greatest common factor of 979 and i?
89
Let s(v) = -25*v - 399. Let m be s(-16). Let w(i) = 16*i + 7. Let z be w(m). What is the highest common factor of 391 and z?
23
Let a(k) = k**2 + k - 3. Let d be 65/(-6 - -1)*-1. Let r be 2/(-6) + -7 + d/3. Let x be a(r). What is the highest common factor of x and 3?
3
Let a(i) = i**3 + 10*i**2 + 12*i + 19. Let q be a(-8). Suppose -12*k = q - 243. Calculate the highest common factor of 152 and k.
8
Let t(i) = 6*i - 28. Let r be t(8). Let w = -16 + r. Suppose 3*a - 6 = 0, w*g - 2*a + 5 - 73 = 0. Calculate the highest common factor of 81 and g.
9
Let j(q) = 23*q - 17. Let s be j(1). Let o be s/(-14) - 1/(42/(-59532)). Calculate the greatest common divisor of o and 13.
13
Suppose 19*g - 12*g = 140. Suppose 19*j = g*j - 33. Let m = 105 - 6. What is the greatest common factor of m and j?
33
Let a be (12/(-10))/((-12)/160). Let x(f) = -f**3 - 21*f**2 - 15*f - 43. Let p be x(-21). What is the highest common factor of a and p?
16
Let n = -84 + 88. Suppose -n = -y - 3*m + 6, 3*y - 46 = -m. Let l be (2 + (1 - -1))*44. Calculate the highest common divisor of y and l.
16
Let z = -9572 - -9618. What is the greatest common divisor of 32 and z?
2
Suppose 249*q = 238*q + 66. Let l be q/(45/(-10) + 5). Calculate the greatest common divisor of 27 and l.
3
Let b(p) = -8*p + 490. Let j be b(-22). What is the highest common factor of 90 and j?
18
Let d(u) = -u**2 - 31*u - 86. Let o = 352 - 368. Let h be d(o). Calculate the greatest common divisor of 28 and h.
14
Let l(w) be the third derivative of 17*w**5/30 - w**4/3 + w**3 + 36*w**2 + 2*w. Let t be l(-3). What is the highest common factor of t and 21?
21
Let s = 177 + -167. Let b(z) = -z**2 - 8*z - 11. Let i be b(-4). Suppose i - s = -y. Calculate the greatest common factor of y and 5.
5
Let b be (-4692)/(-39) + (-18 - 6670/(-377)). What is the highest common divisor of 28 and b?
4
Let q(j) = -4*j**3 - 3*j**2 - 43*j + 22. Let u be q(-6). What is the highest common factor of 812 and u?
28
Let n(w) = w**2 + 4*w + 2. Suppose 1 = -4*c - 23. Let d be n(c). Let r = 2478565 - 2478327. Calculate the greatest common divisor of d and r.
14
Let n be 266/57*12/(-14). Let w be (-27)/(-36) + (-285)/n. Calculate the highest common factor of w and 180.
36
Let w be (-2666)/(-30) + (-4)/(-30). Suppose -90*b + 2 = -w*b. Let g be ((-110)/30)/(b/(-12)). What is the greatest common factor of g and 110?
22
Let n(v) = -79*v + 51. Let c be n(-2). What is the highest common divisor of c and 608?
19
Let r(y) = -575*y - 5717. Let a be r(-16). What is the highest common factor of a and 645?
129
Let m(r) = -r**2 - 31*r + 44. Let z be m(-27). Let y = z + -108. Calculate the highest common divisor of 4 and y.
4
Let r(i) = -47*i - 45. Let a be r(12). Let x = -598 - a. What is the highest common divisor of x and 737?
11
Suppose 0 = -39*j + 11*j + 1118 + 2606. Calculate the highest common factor of j and 77.
7
Let r = 17491 - 16373. Calculate the greatest common factor of 52 and r.
26
Suppose -2299 + 2281 = -3*f. Let o(i) = 2*i**2 - 3*i - 21. Let r be o(f). Let z be (-4)/(-10) - 326/(-10). Calculate the greatest common factor of r and z.
33
Suppose 48 = l + 15. Let h = 334 + -456. Let a = h + 133. What is the greatest common divisor of l and a?
11
Let d = 9577 - 9540. Calculate the greatest common factor of 86543 and d.
37
Suppose 0 = -5*v + 3*a + 15173, 3039 = -116*v + 117*v - 5*a. What is the greatest common divisor of v and 410?
82
Suppose -3*p = -u + 216, -u + 0*p + 204 = -5*p. Calculate the greatest common divisor of 26 and u.
26
Let j be (7/3)/((-2)/(-144)). Suppose -j = -6*x + 3*x. Suppose 0 = -120*q + 770 + 190. Calculate the greatest common divisor of x and q.
8
Let a(i) = -i**3 + 4*i**2 + i + 9. Let n be a(4). Calculate the greatest common divisor of n and 1170.
13
Suppose 3*u = -4*m + 38, 2*u + 4 = m - 0*u. Let i = m - 11. Let r be -10*i/(3/2). What is the greatest common factor of 50 and r?
10
Let r(b) = -2*b**2 - 9*b - 5. Let i be r(-3). Suppose -316 = -w - i*z, 5*z = -2*w + 359 + 267. Let p = 70 + -26. What is the greatest common divisor of w and p?
44
Let r(